5. Let b be x*(-2)/(-4) - -8. What is the highest common factor of r and b?
10
Suppose 5*s - 4 = 1. Let b be (s/1)/((-4)/(-180)). What is the highest common divisor of b and 9?
9
Suppose -5*j + 3*j + 5*s = -34, 0 = 2*j - 3*s - 34. What is the highest common factor of j and 187?
17
Let x be 22/(-4) - (-6)/(-4). Let d be -1 + (-2 - (x - 2)). Let r(j) = 5*j**2 - 2*j - 1. Let u be r(2). What is the highest common divisor of u and d?
3
Let d(x) = 124*x**3 + x**2 - x + 1. Let w be d(1). Calculate the highest common divisor of 50 and w.
25
Suppose -565 = -4*c - 21. What is the highest common factor of c and 17?
17
Suppose 2*l - l = 45. What is the highest common divisor of 9 and l?
9
Let c = 30 + -21. Suppose -3*h - 3*a - 8 = 2*h, -5*h - 2*a - 7 = 0. Let m = 73 + h. Calculate the greatest common divisor of m and c.
9
Let j(a) = -a**3 - 7*a**2 - a. Let l be j(-8). Calculate the greatest common divisor of l and 8.
8
Suppose z - j = 29, 0 = 2*z - 12*j + 8*j - 62. Calculate the highest common divisor of 63 and z.
9
Let d be (-4)/18 - (-595)/45. What is the greatest common divisor of d and 104?
13
Suppose 5*r - 22 = 38. Calculate the greatest common factor of 48 and r.
12
Let x(u) = u**2 - 2*u - 16. Let d be x(14). What is the greatest common divisor of 19 and d?
19
Let u = -14 + 15. What is the highest common factor of 3 and u?
1
Suppose -3*c + 2*c = j - 150, 3*j = -4*c + 451. Let x = -77 + j. Let r be 240/(-25)*(-10)/2. Calculate the greatest common factor of r and x.
24
Let c be (-4 + 135/10)/(1/12). What is the greatest common divisor of 38 and c?
38
Let l(t) = t**3 - 6*t**2 + 9*t - 7. Let j be l(7). Let k = 11 - -4. What is the greatest common factor of k and j?
15
Let s(y) = y**2 + 3 + 2 + 5*y**2 - 4*y. Let z be s(4). Let c(m) = 16*m**2 + 1. Let k be c(1). Calculate the highest common divisor of k and z.
17
Let h = -23 + 26. Let d be -5 + (2 - 0)/2. Let m(s) = -s**2 - 4*s + 3. Let u be m(d). Calculate the greatest common factor of h and u.
3
Let a = -9 - -10. Let l be (a*-3)/((-18)/60). Let q = 25 + -10. What is the greatest common divisor of l and q?
5
Let d = 7 - 14. Let s be d*(3 - 12*1). Calculate the highest common divisor of 7 and s.
7
Let o be (-2320)/(-208) - 2/13. Calculate the greatest common divisor of 55 and o.
11
Let u(v) = 4*v - 3. Let a(n) = 1. Let p(i) = -15*a(i) - 3*u(i). Let j be p(-4). Calculate the greatest common divisor of j and 14.
14
Let s be 1080/(-6)*(-8)/10. Suppose 4*v - 4*f - 24 = 0, -5*v - f + 30 = -3*f. Suppose -4*t - v = -70. Calculate the greatest common divisor of s and t.
16
Let d = 0 + 5. Suppose 5*j - 246 = 5*u - 61, 4*u = d*j - 182. Calculate the greatest common divisor of j and 17.
17
Let w(o) = -o**3 - o**2 + 1. Let u be w(0). Let g be u/4 + (-321)/(-12). Let p be (24/14)/((-4)/(-42)). What is the highest common divisor of g and p?
9
Suppose q = -2 + 7. Suppose q*s - 8 = 27. What is the greatest common factor of s and 1?
1
Let c(q) = 3*q**2 - 3*q + 6. Let p be c(7). What is the greatest common factor of 12 and p?
12
Suppose 0 = -2*g - 2*t + t + 23, -3*t + 17 = 2*g. Suppose -649 = -4*w - 233. Suppose 2*b = b + w. What is the highest common divisor of g and b?
13
Let g = 29 - 26. Calculate the greatest common divisor of 33 and g.
3
Let u(g) = -g + 4. Let f be u(-3). Let d = 9 + f. Calculate the highest common factor of 40 and d.
8
Let a be (-7)/((0 - 4)/4). What is the greatest common divisor of 63 and a?
7
Suppose 5*l - 3*m - 17 = 4, -2*m - 19 = -5*l. Let d be ((-51)/l)/(1/(-9)). What is the greatest common divisor of 17 and d?
17
Let q be 8 + 3/(-3) - -3. What is the greatest common divisor of q and 10?
10
Let s = 50 - 13. What is the highest common factor of 185 and s?
37
Suppose -n - 4 = -2*f - 13, f = -4*n + 18. Suppose 133 = s - 3*y - 27, 0 = -2*s - n*y + 320. Calculate the greatest common divisor of s and 20.
20
Suppose f + 2 = 7. Let y(n) = -n**3 + 6*n**2 - 4*n + 5. Let h be y(f). Calculate the greatest common divisor of h and 30.
10
Let d be (-12)/(-18)*30/4. Suppose 2*o + 2 = -d*x + 16, -o + 10 = x. What is the highest common divisor of 108 and o?
12
Let w be ((-1)/(-3))/(6/36). Let f be (-71)/(3/w + -2). Suppose 3*v - 14 = 2*v - 4*d, 0 = 5*v - 4*d - f. Calculate the highest common divisor of v and 65.
13
Let y(o) = o**2 - 4*o + 2. Let k be y(4). Let j be ((-9)/(-9))/(k/72). Calculate the highest common factor of 9 and j.
9
Let z be -4*((-15)/4 - -1). Let o = 2 + 0. Suppose o*r + 33 = 209. Calculate the highest common divisor of z and r.
11
Let h(l) = -2*l**3 - 3*l**2 + 1. Let i be h(-2). Calculate the highest common divisor of 3 and i.
1
Let b = 17 - 14. Calculate the greatest common divisor of b and 1.
1
Suppose -6*j + 381 + 249 = 0. What is the highest common factor of 15 and j?
15
Suppose 2*v = -4*h + 8, 11 = 4*v + 4*h - 9. Let x be (v + -8)/((-2)/65). What is the greatest common factor of 26 and x?
13
Suppose 2*j + 472 = 1520. Suppose 3*x = z + j, -6*x = -x + 5*z - 880. Calculate the greatest common factor of x and 25.
25
Let l(n) = 10*n**3 - 1. Let g be l(1). What is the greatest common divisor of 27 and g?
9
Suppose 5*w = -2*d + 39, 4*w - w + 82 = 5*d. What is the highest common divisor of d and 17?
17
Let l be (-3 + 1/(-1))/2. Let t be 21 - l*(-6)/(-4). What is the highest common factor of t and 16?
8
Suppose -1 = v - 5, -5*g - 4*v = -196. Calculate the greatest common divisor of 9 and g.
9
Let h = 10 + -5. Let r(n) = 0 + 7*n + 6*n**2 - 10*n - n**3 + 1. Let q be r(h). What is the greatest common factor of q and 22?
11
Let z(n) = -4*n + 1. Let y be z(-1). Suppose 0*h - 3*h = -2*r + 17, 2*r - y*h = 27. Let v be 13*(r - 3)/(-2). What is the highest common divisor of v and 117?
13
Suppose 5*k - g - 6 = 0, 5*g = 23 - 3. What is the highest common divisor of 8 and k?
2
Let y be 2 - (-1)/1 - -1. Suppose -z + 13 = -y. What is the highest common divisor of 153 and z?
17
Suppose -9 = -4*s + c, 0*s + 12 = s + 3*c. Suppose 2*t = -5*g + 176, 21 = g - s*t - 4. Calculate the highest common factor of g and 85.
17
Suppose 2*q = q. Let k = q + -1. Let w be 1 + 7 - (k - 1). What is the highest common factor of 10 and w?
10
Let m be 8/44 + (-53)/(-11). Suppose -34 = -2*p + m*s, 0 = 2*p + 3*s - 8 - 10. What is the highest common factor of p and 84?
12
Let v(x) = -25*x - 43. Let s be v(-10). Calculate the greatest common factor of 23 and s.
23
Suppose -q - 2 = -0*q. Let o be ((-7)/4)/(q/8). Suppose 2*f = -f + 21. What is the greatest common factor of o and f?
7
Suppose 4*d - d + 26 = r, r + 4*d - 12 = 0. Suppose 2*a + 0*a = r. Let k(v) = -3*v - 6. Let z be k(-7). Calculate the greatest common factor of z and a.
5
Suppose -a - 2*a + 15 = 0. Let x be (-6)/14 - (-190)/(-14). Let g = 54 + x. What is the highest common divisor of a and g?
5
Let z(a) = 28*a - 1. Let i be (-18)/(-6)*1/3. Let c be z(i). What is the greatest common factor of c and 9?
9
Let d be 1110/8 + (-3)/4. Suppose -m - 3*r + d = 0, 9*m - 4*m - 672 = 3*r. Suppose -x - m = -6*x. What is the highest common factor of x and 3?
3
Let l(h) = -h**2 + 3*h + 3. Let y be l(7). Let p = y - -41. Calculate the greatest common divisor of p and 176.
16
Suppose -10*n + 13*n = 24. Calculate the greatest common divisor of 40 and n.
8
Let x(k) = k**2 + k - 1. Let j(p) = 2*p**2 + 3*p - 6. Let t(z) = -j(z) + 3*x(z). Let m = -2 + 2. Let c be t(m). What is the greatest common factor of 21 and c?
3
Suppose 0*s - 5*s = -45. Let y = 0 + s. What is the highest common divisor of 45 and y?
9
Let t be 4/(-10)*(14 - 49). Calculate the highest common divisor of 70 and t.
14
Suppose p = -4*w + 12, 4*p + 2*w - 11 - 9 = 0. Calculate the highest common factor of p and 6.
2
Let c(s) be the second derivative of s**4/12 + 11*s**3/6 + 5*s**2/2 + 3*s. Let y be c(-12). Calculate the greatest common factor of y and 34.
17
Let b(i) = i**2 + 10*i - 17. Let l be b(-13). Calculate the greatest common divisor of l and 2.
2
Let n be 2301/12 + 1/4. Suppose c - 3*c = -n. Calculate the greatest common factor of 12 and c.
12
Suppose 5*z - 108 + 23 = 0. Suppose -3 - 12 = v. Let p be ((-5)/v)/(1/51). What is the greatest common factor of p and z?
17
Suppose 16 = -3*p + 5*k, 4*p - 11 - 11 = -2*k. Suppose -d - 1 = -p. Suppose 35 - 233 = -d*v. What is the greatest common divisor of 9 and v?
9
Suppose 14*m 